{"id":45,"date":"2015-05-02T13:48:23","date_gmt":"2015-05-02T13:48:23","guid":{"rendered":"http:\/\/xn--vom-mensch-fr-tiere-hbc.de\/?page_id=45"},"modified":"2020-04-15T12:52:17","modified_gmt":"2020-04-15T12:52:17","slug":"decken","status":"publish","type":"page","link":"https:\/\/vom-mensch-fuer-tiere.de\/?page_id=45","title":{"rendered":"Decken"},"content":{"rendered":"<p><img loading=\"lazy\" decoding=\"async\" class=\"alignnone\" src=\"http:\/\/xn--vom-mensch-fr-tiere-hbc.de\/wp-content\/uploads\/2015\/05\/IMG_99851-1024x683.jpg\" alt=\"\" width=\"393\" height=\"262\" \/><\/p>\n<p>Ma\u00dfe :<\/p>\n<p>klein 74cm x 51cm<br \/>\nmittel 98cm x 60cm<br \/>\ngro\u00df 125cm x 70cm oder\u00a0 140cm x 150cm<\/p>\n<p>auf Anfrage sind andere Gr\u00f6\u00dfen m\u00f6glich<\/p>\n","protected":false},"excerpt":{"rendered":"<p>Ma\u00dfe : klein 74cm x 51cm mittel 98cm x 60cm gro\u00df 125cm x 70cm oder\u00a0 140cm x 150cm auf Anfrage sind andere Gr\u00f6\u00dfen m\u00f6glich<\/p>\n","protected":false},"author":1,"featured_media":0,"parent":43,"menu_order":2,"comment_status":"open","ping_status":"open","template":"","meta":{"footnotes":""},"class_list":["post-45","page","type-page","status-publish","hentry","post-preview"],"_links":{"self":[{"href":"https:\/\/vom-mensch-fuer-tiere.de\/index.php?rest_route=\/wp\/v2\/pages\/45"}],"collection":[{"href":"https:\/\/vom-mensch-fuer-tiere.de\/index.php?rest_route=\/wp\/v2\/pages"}],"about":[{"href":"https:\/\/vom-mensch-fuer-tiere.de\/index.php?rest_route=\/wp\/v2\/types\/page"}],"author":[{"embeddable":true,"href":"https:\/\/vom-mensch-fuer-tiere.de\/index.php?rest_route=\/wp\/v2\/users\/1"}],"replies":[{"embeddable":true,"href":"https:\/\/vom-mensch-fuer-tiere.de\/index.php?rest_route=%2Fwp%2Fv2%2Fcomments&post=45"}],"version-history":[{"count":6,"href":"https:\/\/vom-mensch-fuer-tiere.de\/index.php?rest_route=\/wp\/v2\/pages\/45\/revisions"}],"predecessor-version":[{"id":703,"href":"https:\/\/vom-mensch-fuer-tiere.de\/index.php?rest_route=\/wp\/v2\/pages\/45\/revisions\/703"}],"up":[{"embeddable":true,"href":"https:\/\/vom-mensch-fuer-tiere.de\/index.php?rest_route=\/wp\/v2\/pages\/43"}],"wp:attachment":[{"href":"https:\/\/vom-mensch-fuer-tiere.de\/index.php?rest_route=%2Fwp%2Fv2%2Fmedia&parent=45"}],"curies":[{"name":"wp","href":"https:\/\/api.w.org\/{rel}","templated":true}]}}