{"id":49,"date":"2015-05-02T13:50:19","date_gmt":"2015-05-02T13:50:19","guid":{"rendered":"http:\/\/xn--vom-mensch-fr-tiere-hbc.de\/?page_id=49"},"modified":"2022-11-13T11:33:14","modified_gmt":"2022-11-13T11:33:14","slug":"ueber-mich","status":"publish","type":"page","link":"https:\/\/vom-mensch-fuer-tiere.de\/?page_id=49","title":{"rendered":"\u00dcber mich"},"content":{"rendered":"<p>Liebevoll besticke ich Textilien.Dabei setze ich die W\u00fcnsche meiner Kunden in einem pers\u00f6nlichen Gespr\u00e4ch um. Ich habe das Programm so erweitert dass viele Textilien (Handt\u00fccher,T-Shirts,Kissen usw.) bestickt werden k\u00f6nnen. Bestickungen f\u00fcr besondere Anl\u00e4sse wie Taufe oder Hochzeit sind in Absprache m\u00f6glich<\/p>\n<p>\u00a0<\/p>\n<p>Durch meine langj\u00e4hrige Erfahrung in der Polsterindustrie und eine Weiterbildung zur Industriemeisterin garantiere ich f\u00fcr professionelle Zusammenarbeit, Pr\u00e4zision und schnelle Auftragsabwicklung.\u00a0<\/p>\n<p>Die hier verwendeten Stickdateien sind von : RockQuin,EmiOli,FadenZauber,Butinette,Blaustern,Fasnacht-Eichner,Mario-Lena-Stoffzauberei,Cracy-Patterns<\/p>\n<p>\u00a0<\/p>\n\n\n<figure class=\"wp-block-gallery has-nested-images columns-default is-cropped wp-block-gallery-1 is-layout-flex wp-block-gallery-is-layout-flex\">\n<figure class=\"wp-block-image size-large\"><img loading=\"lazy\" decoding=\"async\" width=\"185\" height=\"130\" data-id=\"677\" src=\"http:\/\/xn--vom-mensch-fr-tiere-hbc.de\/wp-content\/uploads\/2019\/11\/Unbenannt-1.png\" alt=\"\" class=\"wp-image-677\"\/><\/figure>\n<\/figure>\n","protected":false},"excerpt":{"rendered":"<p>Liebevoll besticke ich Textilien.Dabei setze ich die W\u00fcnsche meiner Kunden in einem pers\u00f6nlichen Gespr\u00e4ch um. Ich habe das Programm so erweitert dass viele Textilien (Handt\u00fccher,T-Shirts,Kissen usw.) bestickt werden k\u00f6nnen. Bestickungen f\u00fcr besondere Anl\u00e4sse wie Taufe oder Hochzeit sind in Absprache m\u00f6glich \u00a0 Durch meine langj\u00e4hrige Erfahrung in der Polsterindustrie und eine Weiterbildung zur Industriemeisterin garantiere [&hellip;]<\/p>\n","protected":false},"author":1,"featured_media":0,"parent":0,"menu_order":4,"comment_status":"open","ping_status":"open","template":"","meta":{"footnotes":""},"class_list":["post-49","page","type-page","status-publish","hentry","post-preview"],"_links":{"self":[{"href":"https:\/\/vom-mensch-fuer-tiere.de\/index.php?rest_route=\/wp\/v2\/pages\/49"}],"collection":[{"href":"https:\/\/vom-mensch-fuer-tiere.de\/index.php?rest_route=\/wp\/v2\/pages"}],"about":[{"href":"https:\/\/vom-mensch-fuer-tiere.de\/index.php?rest_route=\/wp\/v2\/types\/page"}],"author":[{"embeddable":true,"href":"https:\/\/vom-mensch-fuer-tiere.de\/index.php?rest_route=\/wp\/v2\/users\/1"}],"replies":[{"embeddable":true,"href":"https:\/\/vom-mensch-fuer-tiere.de\/index.php?rest_route=%2Fwp%2Fv2%2Fcomments&post=49"}],"version-history":[{"count":10,"href":"https:\/\/vom-mensch-fuer-tiere.de\/index.php?rest_route=\/wp\/v2\/pages\/49\/revisions"}],"predecessor-version":[{"id":800,"href":"https:\/\/vom-mensch-fuer-tiere.de\/index.php?rest_route=\/wp\/v2\/pages\/49\/revisions\/800"}],"wp:attachment":[{"href":"https:\/\/vom-mensch-fuer-tiere.de\/index.php?rest_route=%2Fwp%2Fv2%2Fmedia&parent=49"}],"curies":[{"name":"wp","href":"https:\/\/api.w.org\/{rel}","templated":true}]}}